 - 1)?
0
Evaluate (-1 - (3 - 3)) + 5.
4
Evaluate -9 - 4 - (1 - 7) - -14.
7
What is 2 + -5 + -2 - -1?
-4
What is 4 + -5 - (-2 - (-2 - -1))?
0
Calculate -7 - (-10 - (-3 - 0) - -8).
-8
What is the value of 4 - 6 - -6 - 4 - -6?
6
Evaluate (4 + 0 - 1) + -4.
-1
What is -16 - -21 - (8 - 5)?
2
What is 0 + (-4 + 7 - 4) + -9?
-10
(-9 - -2) + -10 + 21
4
What is the value of -1 + (-8 - -3) + 6?
0
What is the value of 6 + -17 - (-14 + 5)?
-2
5 + 4 + -4 + 1 - 4
2
What is the value of 2 + (1 - 4 - 2)?
-3
Evaluate (-7 - -7) + (-3 - (3 + -2)).
-4
What is 33 - 30 - ((-4 - -2) + 8)?
-3
-1 + -5 - (9 - 10) - 1
-6
Evaluate 3 + (0 - (-1 - (-1 + -3))).
0
Calculate -50 + 41 + (0 - -4).
-5
-4 + (7 - (3 - 0)) + -3
-3
Evaluate 5 - (4 - (2 - 6 - -7)).
4
What is -9 - (12 + -7 - 7)?
-7
6 + (-1 + 7 - (5 + 1))
6
(-2 + 1 - -14) + (-44 - -37)
6
What is (2 - (4 + 1)) + (0 - 2)?
-5
Calculate 5 - (3 - 11 - -3).
10
13 - (-3 - -7) - 6
3
What is 2 - (8 + -4 - 5)?
3
Evaluate 7 - (14 - -6) - -3.
-10
Evaluate -6 + 2 + (-2 - 0).
-6
What is -1 - -1 - (6 + -6 - 1)?
1
What is (12 - 13) + (-1 - 1)?
-3
What is 5 + 4 - (1 - -6)?
2
What is -6 + 1 + 4 + -2?
-3
Calculate (0 - 2) + -3 + 4.
-1
What is the value of 1 - (10 + (-3 - 3))?
-3
Calculate -34 + 41 - (0 + 3 + -1).
5
Evaluate -6 + -2 - (-5 + 1).
-4
Evaluate (-5 - 2) + 2 - (-2 + -3).
0
12 + -2 + -9 + 3
4
What is -9 + 19 + -3 + -9?
-2
What is 3 + 0 + -4 + (-2 - -5)?
2
What is the value of 4 + (4 - (5 - -8)) - -4?
-1
-2 + 3 - (2 - (-2 + 2))
-1
What is the value of 7 - (-3 + 5) - (-4 + 0)?
9
Calculate 1 + -7 + (18 - 9).
3
27 - 11 - (11 + 0)
5
What is 6 - (7 - 3 - 4)?
6
What is the value of 0 - -2 - (2 - 6 - -7)?
-1
What is the value of (1 - (-2 + 1) - 4) + 5?
3
What is (-1 - -4) + (-5 - -13) + -6?
5
Evaluate 7 + -4 + (4 - 2) - 1.
4
Calculate (-2 - 0 - -4) + (15 - 12).
5
Calculate 0 + 0 + (2 - -3) - 7.
-2
Calculate -5 + 2 + 1 + 4 + 3.
5
Evaluate 5 + -8 + 0 + 4.
1
Evaluate 3 + -1 + 12 + 7 + -15.
6
2 + -2 + -7 + 6 + 4
3
Evaluate -16 + 2 + 4 - -6.
-4
What is the value of 5 + -4 + -1 - -5?
5
What is 15 + (-6 - -2) + -3?
8
Calculate (-1 - -1) + (-6 - -7) + -6.
-5
What is the value of (-16 - -13) + (3 - (-3 - 3))?
6
Evaluate (1 - 4 - -9) + -2.
4
What is -4 + 1 + -3 - -5?
-1
What is the value of 0 - (3 - (4 + -5) - 2)?
-2
What is (-2 - (-2 - (-6 - -3))) + -5?
-8
What is -5 + 3 + (2 - -1)?
1
-3 + 3 + (5 + -4 - -3)
4
What is -1 - -1 - (-5 + -1) - 3?
3
Calculate 45 + -61 + (9 - 0).
-7
What is -1 + 1 + 0 - (1 - 2)?
1
(1 - (-3 + (14 - 3))) + 2
-5
4 + (-1 - (7 + -3))
-1
Evaluate 1 + -6 + (-1 - (-4 + 2)).
-4
Evaluate -5 + 1 - (-4 - -4 - 0).
-4
Calculate -4 + (4 - 0) + 1.
1
What is (-16 - (-5 - 1) - -7) + 4?
1
Evaluate 2 + 0 + (-2 - (-8 - -8)).
0
What is the value of 1 - (-2 + (-9 - -14))?
-2
Calculate (-3 - 4) + 7 - (-2 + 2).
0
Evaluate (-5 - (3 + -1)) + 13 + 3.
9
What is 0 + 5 + (7 - 3) + -8?
1
What is the value of 1 - (-3 + 5 + 3 + 0)?
-4
What is the value of -2 + (-3 - -3 - (-7 - -3))?
2
-5 + 1 + -1 - (83 - 84)
-4
Evaluate -1 + 2 - (-25 + 12 - -7).
7
What is the value of 4 + (-2 - -2) - 9?
-5
Calculate -15 + 12 - (0 - 4).
1
What is the value of (5 - -3) + (-41 - -29)?
-4
Calculate (1 + 1 - (-10 + 10)) + 0.
2
Calculate -14 + 12 + 0 + 0.
-2
Calculate -42 + 27 + 7 + -1 + 2.
-7
2 - (-2 + 8) - (-3 + 5)
-6
Calculate (0 - -9) + -5 - (-1 - -2).
3
What is the value of (2 + -3 - 1) + -1 - -2?
-1
-1 + -7 + (-10 - -19)
1
Calculate -4 + 0 - -8 - (-4 + -2).
10
What is the value of -3 - (-6 - (-2 + 0))?
1
-6 - ((1 - 5) + -1 + 0)
-1
-6 + (6 - (0 - -1))
-1
Evaluate -4 - (14 - 7 - 5) - -7.
1
What is (4 - (0 - 0)) + -1 + 0?
3
What is (4 - (11 - -1)) + 8?
0
Calculate -3 - (-8 + (-4 - (-9 + 1))).
1
Calculate -2 + (0 + 0 - (-5 + 1)).
2
-3 - (0 - 2 - (-1 - 2))
-4
Evaluate 1 + (1 + 1 - 8 - -4).
-1
Calculate (0 - -1) + 1 - (-4 + 6).
0
Calculate -1 - 1 - 2 - -6.
2
(1 - 0) + -32 + 24
-7
-4 - 2 - (-4 + -4)
2
Evaluate -4 - (-3 + 8 - 4 - 5).
0
What is the value of -7 - -8 - (3 + -3)?
1
76 - 79 - (-4 - (-1 - -2))
2
-2 + 0 + (4 - -2)
4
-4 + 10 - 4 - 0
2
Calculate -3 + -2 + -3 + 6 + 5.
3
What is the value of -4 + 11 + -11 + 5?
1
What is the value of -1 + 3 + (2 - 1) - 2?
1
Evaluate 2 - (-3 - (-10 + 4)).
-1
Evaluate 12 + (-10 - (15 + -18)).
5
What is the value of (-2 - 0) + 7 - 3?
2
What is -3 - (6 - 6) - (3 + 0)?
-6
What is 4 - ((-1 - -1) + 2)?
2
-12 - (-8 + (-5 - (3 + -9)))
-5
What is the value of 3 + -2 + -4 + 2 - -6?
5
(0 - -1) + -5 + (8 - 8)
-4
What is the value of -13 + (2 + -4 - -9)?
-6
Evaluate (-1 - -4) + (-4 + 6 - 10).
-5
(-19 - -18) + -1 + 3
1
What is the value of -8 - (-6 + 2 + -4)?
0
What is 1 + -1 + 0 + (-3 - -6)?
3
Calculate (5 - 4) + (2 - 4) + 2.
1
1 + 7 + -9 + 4
3
Evaluate (1 - 5) + -3 + 0 + 2.
-5
Calculate (-26 - -27) + 0 + 0.
1
Calculate 15 + -5 + -4 + -2 + 1.
5
Evaluate -11 + 9 - (0 + -6).
4
10 + -11 + -8 + 8
-1
What is the value of (4 - (5 + -4)) + 2?
5
Calculate (-8 - -4) + 1 + -4 + 6.
-1
What is the value of 0 - (-1 - -6) - -10?
5
What is 2 - (6 + 5 + -6)?
-3
What is (0 - (1 - 1)) + 2 + -3?
-1
3 + -6 - 1 - (5 + -4)
-5
What is the value of 5 + (2 - 4) + 0?
3
Calculate 6 + -7 - ((12 - 5) + -13).
5
Calculate 7 - (-3 + 11 + -5 - 0).
4
-5 + 18 + (-4 - 7 - -5)
7
-1 + -4 - (-2 - 1) - 3
-5
Calculate -1 - (-8 + 3 + 3).
1
What is the value of 0 - 4 - -5 - 1?
0
Evaluate 2 + (0 - 6) + 7.
3
What is 2 + (-6 - -1) - -6?
3
Evaluate -4 - -1 - (-2 - (2 + -2)).
-1
Evaluate 10 - (-7 - -6) - 8.
3
Calculate -3 + -1 + (2 - 4 - -1).
-5
What is 3 - (5 - (-9 + 18))?
7
Evaluate 4 + (-6 + 1 - 4) - -3.
-2
Calculate (-1 - -3) + -1 + 0.
1
What is 8 + (3 - 3) + 41 + -41?
8
Calculate 0 + -1 + 2 + 4 + -4.
1
What is the value of -1 + 0 + 2 + 23 + -23?
1
What is 0 - (0 + 8) - -1 - -6?
-1
Calculate -8 - -8 - 8 - -9.
1
What is the value of 1 + 0 - (5 + (3 - 7))?
0
What is -1 - (-6 - -10 - (-1 - -2))?
-4
Calculate 5 - (0 + 2) - 0.
3
What is the value of -3 - (1 - -3 - 3 - 3)?
-1
What is the value of -4 + (-3 - 1 - -8) - 3?
-3
-1 - ((-3 - (2 + -4)) + 5)
-5
What is (-1 + 6 - (4 - 1)) + -5?
-3
Calculate 8 + -6 + 7 - 5.
4
Calculate 2 + -5 - (-4 + (12 - 6)).
-5
Evaluate -5 - -2 - (-7 - -14 - 4).
-6
What is (7 - 0) + -1 + (-2 - 0)?
4
Calculate -4 + -4 + 2 + 0.
-6
Evaluate 3 - ((2 - -4) + -1).
-2
What is 1 - (4 + 3 - 9)?
3
-3 + (1 - (-4 - -6)) - -9
5
What is the value of 0 - -1 - (20 + -18)?
-1
What is the value of 1 + -1 + (-26 - -20) + 3?
-3
What is the value of 9 + 10 + (6 - 14)?
11
What is -5 - (3 - 0 - 3) - -5?
0
What is the value of (-9 - -1) + -1 - (-4 - -2)?
-7
-6 + -1 + 3 - -4
0
Evaluate 0 - -7 - (8 - 5).
4
Evaluate 0 - 1 - ((12 - 12) + -8).
7
Calculate -4 + 3 + 2 + -4.
-3
-2 - (1 - (16 - 8 - -4))
9
Calculate (-7 - -2) + 3 + (-1 - -1).
-2
(13 - 9) + -1 + 0
3
(-23 + 10 - (-2 + -2)) + 5
-4
(5 - -1) + (-10 - (10 - 17))
3
What is -2 - (-2 - -1) - 4?
-5
Calculate -6 - (-4 + 1 + -2) - 4.
-5
What is the value of -3 + 25 - (-18 - -30)?
10
13 + (-2 - -1) + -6
6
Calculate -18 + 10 + 5 + 10.
7
Evaluate -4 + 9 + 4 - 5.
4
What is the value of -1 + -2 + (1 - -2)?
0
Calculate (-3 - -4) + -2 + -3.
-4
What is -7 + -4 + 7 + -6 + 3?
-7
Calculate (16 - (13 + -7)) + -3.
7
-6 - ((-6 - 4) + (-9 - -14))
-1
Evaluate -1 + -4 - (-3 - (6 + -7)).
-3
-12 - -8 - (-5 + -1)
2
(-5 - (3 + -7) - 6) + 14
7
Evaluate 0 - (9 + -3 + -1).
-5
What is (-7 - 3) + -2 + 6 - -14?
8
Calculate (-8 - 1) + 69 + -63.
-3
Evaluate 7 - (9 - (5 + 0 + 1)).
4
Calculate 14 - (-4 - -17) - (7 + -1).
-5
What is the value of -2 + 3 + -5 + 7?
3
Calculate 6 + -1 + (-3 - (-2 - 0)).
4
Evaluate 3 + 1 + 0 - 3.
1
Calculate 23 - 22 - (0 + -7 - 0).
8
Calculate -3 - (-6 - -3) - -4.
4
Evaluate -1 + 2 + 3 + -5.
-1
2 - 3 - (-4 - (-1 - 2))
0
What is the value of 2 + (1 + 2 - 10)?
-5
Evaluate 7 + 0 + -3 + -4.
0
What is -3 + 2 - (0 + 0 - 0)?
-1
Evaluate 4 + (2 - 5) + -1 + -3.
-3
What is (6 - (-7 + 3 + 4)) + -3?
3
What is 1 + (-2 - -8) + (-3 - -1)?
5
Evaluate 3 - 12 - (25 + -31).
-3
What is the value of (-2 + -8 - -6) + 1 + -1?
-4
What is the value of -4 + 9 + -3 - -3 - 2?
3
(-1 + 2 - 7) + (11 - 9)
-4
What is 5 - ((-3 - 0) + (-4 - -7))?
5
Calculate 1 + -1 - -2 - 1.
1
Evaluate 9 - (0 + -2 - -6).
5
Calculate 8 - -7 - 8 - 8.
-1
Calculate (2 - 2) + 4 + 2 + -4.
2
Calculate 7 + 3 + (-21 - -17).
6
What is -3 - (-5 + -2 - -8 - -4)?
-8
Calculate (1 - -3) + (14 - -4) + -15.
7
Calculate -3